0. What are the prime factors of v?
2, 17
Let k be ((0/(-2))/1)/3. Suppose -5*z + 3*c + 24 = k, 15 = 3*z - z - 3*c. Suppose z*v - 2*n - 35 = 0, v + 3*n - 2*n - 10 = 0. What are the prime factors of v?
11
Let v be (0 + -1)*(-3 - 0). Suppose v*r - 372 = -0*r. Suppose b = -3*b + r. List the prime factors of b.
31
Let w be 3/(-15) - (-28)/(-10). List the prime factors of -4 + 6 + w - -182.
181
Let y(w) = 62*w - 82. List the prime factors of y(40).
2, 11, 109
What are the prime factors of ((-14850)/750)/((-3)/535)?
3, 11, 107
Let o be ((-6)/4)/((-2)/12). Suppose -2*g + 5*r = -33 + o, 2*g - 3*r - 24 = 0. Suppose -g*f + 45 = -11*f. List the prime factors of f.
3, 5
Suppose s + 166 = 4*t + 3*s, 165 = 4*t + s. Let q = t - 28. What are the prime factors of q?
13
Let n(y) = -2*y**3 - 2*y**2 - 13*y - 58. What are the prime factors of n(-4)?
2, 3, 5
Let o(z) = 4*z + 15. Let r be o(-7). Let n(q) = q**2 + 14*q + 26. List the prime factors of n(r).
13
Suppose 0 = 2*c + 2*t + 384, -2*c + t = -7*c - 980. Let f = 87 - c. What are the prime factors of f?
2, 71
Let w(y) = 37*y + 11. Let g be w(8). Suppose -4*a + g = 35. List the prime factors of a.
2, 17
Let g = 261 - 263. Suppose 2*k + 24 = 3*f, 4*k + 22 = 4*f - 14. What are the prime factors of (-51)/g - (-9)/f?
3
Let g(x) = 18*x - 1. Let l be g(4). Suppose -40 - 14 = -54*d. List the prime factors of l - d - (8 + -5).
67
Suppose -76*s + 37536 = -25*s. What are the prime factors of s?
2, 23
Let m be (-3)/(-2)*(-36)/(-27). Suppose 0*v + 24 = m*v. Let z(d) = d**3 - 12*d**2 + 3*d - 1. List the prime factors of z(v).
5, 7
Let r be (9/27)/((-1)/(-225)). Let i = 105 - r. What are the prime factors of i?
2, 3, 5
What are the prime factors of (2/6)/(9/30159)?
1117
Let a = -11 + 15. Suppose 278 = -2*j + a*j. What are the prime factors of j?
139
Let y(v) = v + 3. Let m be y(-1). Suppose -s - 4 = m*q, -4*s - 4 = -5*q - 1. List the prime factors of (-3)/(s/((-112)/(-6))).
2, 7
What are the prime factors of (4 + 10386/27)*3?
2, 11, 53
Let c be (-19)/(27/6 + -4). Let d be -2 - (0 + -6) - -2. Let m = d - c. List the prime factors of m.
2, 11
Let c(m) = 3*m**2 + 10*m + 1. Let r be c(-4). Suppose -114 = -12*u + r*u. List the prime factors of u.
2, 19
List the prime factors of (271*(-2 - 0))/(-2).
271
Let m be 50/(4 + 18/(-4)). Let h = -32 - m. List the prime factors of h.
2, 17
Let q = -30 - -42. Let w = -7 + q. Suppose -g + w*t = -5*g + 37, -g = -5*t - 28. What are the prime factors of g?
13
Let u be 6 + 1 + -1 + -3. Let t be u/6 - (-42)/12. List the prime factors of 2 + (-3)/(-4)*t.
5
Let p(d) = -8*d**3 - 8*d**2 - 15*d - 16. List the prime factors of p(-5).
859
Suppose -37*t - 8040 = -41*t - 3*z, z - 8048 = -4*t. What are the prime factors of t?
3, 11, 61
Let w(a) be the second derivative of 21*a**4/4 + a**3/6 + 12*a. Suppose -4*q = -2*q - 5*j + 3, 2*j + 1 = 3*q. List the prime factors of w(q).
2
Let n(j) = -j**3 - 7*j**2 - j - 9. Let s be n(-7). Let r be s/(-1 - 4/(-3)). What are the prime factors of (-152)/r - 6/(-9)?
2, 13
Suppose -3*h = 3 - 9. Let s be 225 + -1 + 1 + 0. What are the prime factors of h/(-6) - s/(-27)?
2
Let u be ((-12)/(-18))/((-2)/(-45)). Let s = 17 - u. Suppose 4*z - 2*d = -d + 160, s*d = 4*z - 160. List the prime factors of z.
2, 5
Let f(b) = -367*b - 39. What are the prime factors of f(-2)?
5, 139
Let k = -39 + 989. What are the prime factors of k?
2, 5, 19
Suppose 2*p + 20 = -3*p. List the prime factors of ((-15)/p)/((-5)/(-640)*4).
2, 3, 5
Let p(y) = 3*y**2 - y. Let u be p(-1). Suppose 3*r - 40 = r + 4*c, -2*r = u*c. List the prime factors of r - 12 - 19/(-1).
17
Suppose -q + 110 = 4*q. Suppose 22 = 2*s - 4*s + t, 0 = 5*s + t + 41. Let d = q + s. What are the prime factors of d?
13
Suppose 0 = 9*s - 12323 - 1411. What are the prime factors of s?
2, 7, 109
Let f(h) = 2*h**3 - h**2 - h + 3. Let g be f(-3). Let r = g + 74. What are the prime factors of r?
17
Suppose 2*h = -4*x - 54, -3*x = 4*h + h + 163. Let s = h + 81. Let r = s - -8. List the prime factors of r.
2, 3
Suppose g + r - 4203 - 1220 = 0, 6 = 3*r. What are the prime factors of g?
3, 13, 139
Let i = 26 - 31. List the prime factors of i*5/(-25) + 2.
3
Let b(o) = -120*o + 5. Let p be 128/(-80) - (8/(-5) + 1). List the prime factors of b(p).
5
Let x(h) = -h**3 - 12*h**2 - 24*h + 28. Let d be x(-9). Let n = -11 - -21. List the prime factors of d - (2 - 2 - n).
11
Let w = -33 - -36. Suppose -w*i = 15, -7*k + i = -3*k - 49. List the prime factors of k.
11
Suppose -149 = -2*a + 2*z - 61, 2*z = 3*a - 134. Let y be 7/2 - (-2)/(-4). Suppose -2*w - a = -4*s, 0*s = -y*s + 3*w + 39. List the prime factors of s.
2, 5
Suppose -22*g = -8355 - 3195. What are the prime factors of g?
3, 5, 7
Let y = -720 - -1050. Suppose 9*o - y = 4*o. What are the prime factors of o?
2, 3, 11
Let m(o) = o**3 + 10*o**2 - 5*o + 4. Let y be m(-8). Suppose 0*b = -4*b - y. Let s = 64 + b. List the prime factors of s.
3, 7
Suppose -12*o + 10567 = -1049. What are the prime factors of o?
2, 11
Let a(f) = 41*f**2 + 2*f + 1. Let g(l) = 14*l**2 + l. Let d(r) = -2*a(r) + 7*g(r). List the prime factors of d(2).
2, 17
Let u(w) = w**2 - 13*w + 16. List the prime factors of u(36).
2, 211
Let x = 52 + 558. List the prime factors of x.
2, 5, 61
Suppose -168 = w - 5*v, -4*w - 5*v - 261 = -2*w. Let k = -128 - w. What are the prime factors of k?
3, 5
Suppose 0 = 4*x + 15 - 11. Let o be ((-6)/12)/(x/6). Suppose o*g - 64 = -7. List the prime factors of g.
19
Let y(m) = -m**2 + 21*m - 16. Let t(x) = 7*x - 2. Let k be t(3). What are the prime factors of y(k)?
2, 11
Suppose 87 = 5*x - 4*o, 4*o - 6*o = -4*x + 72. Let c = 21 - x. Suppose c*q + 2 = 8. List the prime factors of q.
3
Let y(t) = t**3 - t**2 + t + 1. Let l be y(2). Let m be 432/42 - 2/l. Suppose 0 = -6*b - m + 40. List the prime factors of b.
5
Let o = 16 + -19. Let z be 26 + (-2 - o/3). Let u = z + -8. What are the prime factors of u?
17
Let y = -2 + 18. Let g = -12 + y. Suppose -j + 57 = g*j - 2*x, 3*x + 25 = 2*j. List the prime factors of j.
11
Let d = 543 - -10. List the prime factors of d.
7, 79
What are the prime factors of ((-42 - -45) + 456/(-10))*-15?
3, 71
Suppose 2*l = -15 + 1. Let a(g) = -5*g + 21. What are the prime factors of a(l)?
2, 7
Suppose -8*g = -5*g + 48. Let t be (-2)/8 - 404/g. Suppose -4*c = 5*s - 7, -4*s + t = s - 5*c. What are the prime factors of s?
3
Let l be (24/(-9))/(5/(-30)*2). Suppose l*j - 6*j = 120. What are the prime factors of j?
2, 3, 5
Suppose -5*o + 849 + 536 = 0. What are the prime factors of o?
277
Suppose -4*n + 967 = 5*m, -n - 730 - 52 = -4*m. What are the prime factors of m?
3, 5, 13
Suppose 0 = 91*c - 98*c + 7273. List the prime factors of c.
1039
Suppose -78*g + 82*g = 2940. Suppose 4*n + 5*v = g, -2*v + 0*v = -4*n + 742. List the prime factors of n.
5, 37
Suppose 2*l = 80 + 288. Suppose -6 = w - 4*o - 39, -o = -5*w + l. List the prime factors of w.
37
Suppose -15*m + 12*m = -1518. Suppose t + 397 = 4*q, -4*q - q - 2*t = -m. List the prime factors of q.
2, 5
Let g(v) = 96*v**3 + v**2 + 2*v - 2. Let o(n) = n**2 - 5*n - 5. Let x be o(6). What are the prime factors of g(x)?
97
Let d = 8 + -3. Let r(x) = 2*x**2 - 4*x + 4. Let w be r(d). Let g = w + 17. What are the prime factors of g?
3, 17
Suppose -11*c = -23*c + 6648. List the prime factors of c.
2, 277
Let v(t) = -t**2 + 14*t - 4. Let q be v(13). What are the prime factors of -6*q/(-6) - -3?
2, 3
Let v(a) be the first derivative of a**4/4 - 4*a**3 - 7*a**2 + 20*a - 10. List the prime factors of v(14).
2, 3
Suppose -4*x = -0*x. Suppose x = -y - 5*v + 31, v = -v - 8. Suppose -4*r - 4*n + 100 = 0, -2*n - 3*n - y = -3*r. List the prime factors of r.
2, 11
Suppose 4*t = -4*k + 16056, -4*t - k = 5575 - 21619. What are the prime factors of t?
2, 5, 401
Let n(h) = 8*h - 14. Let l(k) = k - 6. Let p be l(12). What are the prime factors of n(p)?
2, 17
Let g(o) be the second derivative of o**4/12 - 4*o**3/3 + 5*o**2 + 7*o. Let z be g(8). Suppose 8*q - z*q = -26. List the prime factors of q.
13
Suppose 2*m = -0*m + 2, 0 = -3*c - 2*m + 11. Suppose -c*t = -229 + 76. List the prime factors of t.
3, 17
Let n(h) = -2*h**2 - 3 + 3*h**2 + 6 - 4. Let z be n(-2). Suppose -z*f = -4*k - 144, -3*f = f - k - 192. List the prime factors of f.
2, 3
Suppose 74*p - 64*p = 